 -2). Suppose -a*k + 8 = -22. Let n(z) = z**2 - 4*z - 3. What is the units digit of n(k)?
9
Let t = -12 + 29. Let k = 0 + t. What is the tens digit of k?
1
Let l be 7/2 + (-2)/4. Suppose -2*g + g = -3. Suppose 2*s = 2*f + 4, f - l = 5*f - g*s. What is the units digit of f?
3
Suppose -9*z + 4*z + 565 = 0. What is the units digit of z?
3
Let s be 0/(-1) - (-4 + -3). Let h = s - -4. What is the tens digit of h?
1
What is the units digit of 100/(-5)*(-7)/4?
5
Let w(g) = -5*g + 3*g + 3*g + 13. Let d be w(-6). Suppose m + d = 2*m. What is the units digit of m?
7
Suppose h - 5*h = -72. What is the units digit of h?
8
Let d be (8/(-12))/(2/(-6)). Let c be (-30)/(-7) + d/(-7). What is the units digit of -1 + -1 + c + -1?
1
Let z(m) = -m**3 + m**2 + m. Let j(l) = 2*l**2 + 2*l - 1. Suppose -f + 4*r + 3 = -6*f, -f - 3 = 2*r. Let u(x) = f*j(x) - 3*z(x). What is the tens digit of u(2)?
1
Let c(d) be the third derivative of d**7/1680 + d**5/60 + 2*d**2. Let r(h) be the third derivative of c(h). What is the units digit of r(2)?
6
Let b(x) = x**2 + 8*x + 11. Let y be b(-8). Suppose 49 - y = 2*i. What is the units digit of i?
9
Let j be 0 - (1 + 1 + 0). What is the units digit of 3 - (2 - j/(-1))?
3
Let x = 413 - 187. What is the tens digit of x?
2
Suppose -2*v = -v. Suppose -z + 5 = -v. What is the units digit of (0 + z)*16/10?
8
Let h = 7 + 9. What is the units digit of h?
6
Suppose -3*q - q + 156 = 0. What is the tens digit of q?
3
Let s(k) = -2*k - 6. What is the tens digit of s(-11)?
1
What is the tens digit of (31/(-3))/((-14)/84)?
6
Let a = 7 + -2. Suppose -a*x + 15 = -k, k = 4*x - k - 12. What is the units digit of x?
3
Let r = 5 - 4. Let x be -2 - 1/r - 0. What is the tens digit of x*(1 - (-42)/(-9))?
1
Let r = -15 + 17. What is the units digit of r?
2
Suppose -2*f + d = -4*f - 26, -d + 19 = -f. Let g(l) = -l + 5. What is the tens digit of g(f)?
2
Let y(s) = -3*s - 1. Let a be 4/3*(-3 + -21). Let m be a/14 + 4/14. What is the units digit of y(m)?
5
Let n = 192 - 107. What is the units digit of n?
5
Let y be 7 + -2 + 2/1. Let s = 13 - y. What is the units digit of s?
6
Let r = -48 + 70. Suppose 5 = 3*x - 4*k, 4*x + 5*k - 11 = 2*x. Suppose 0 = 5*l - 2*t - r, 4*l - 23 = -l + x*t. What is the units digit of l?
4
Let q be (-5)/(-10)*(10 + 0). Suppose -4*c + 42 = 2*m, -3*c = -q*c - 5*m + 17. What is the units digit of c?
1
Suppose 2*d - 2 = 4*l + 18, 5*d - 2*l = 10. Let a be (d + 0)/(2/(-2)). What is the units digit of 8 - (a + (3 - 1))?
6
Suppose -4*g = t - 1470, 0 = -4*t + 12 - 4. What is the tens digit of g?
6
Let j(d) = d**2 + d - 1. Let r(v) = 4*v**2 - 6. Let m(h) = 3*j(h) - r(h). Let c be m(3). What is the units digit of (30/5)/(c + -1)?
3
Let v be (-4)/(-18) - (-7)/9. Let c be (-8)/(1 + -1 - v). Suppose -4*j + c + 8 = 0. What is the units digit of j?
4
Let a be 5 - (1 - (1 - 1)). Suppose -2*i - 3*i = -25, 3*d - 20 = -a*i. What is the units digit of 2/3*(d + 3)?
2
Let m be 6/10*(0 + 10). What is the units digit of 4/m + (-1)/(-3)?
1
Let z = 2 + 3. Suppose 2*x - z*m = -13, -4*x - 1 - 7 = -4*m. What is the units digit of x?
1
Let b(i) = 11*i + 3. Let u(z) = -5*z - 1. Let v(n) = 4*b(n) + 9*u(n). Let c be v(6). What is the tens digit of 1/c - (-93)/9?
1
Let a(d) = d**3 - 12*d**2 + d - 6. Let j be a(12). Suppose v + j - 2 = 2*w, 0 = 3*v - w - 3. What is the units digit of v?
2
Let o be 8/6*(2 - 17). What is the units digit of ((-3)/2)/(3/o)?
0
Suppose 2*p - 3*p + 2 = 0. Suppose -5*t + 9 = -p*t. What is the units digit of 2/(t + -2) + 3?
5
Suppose 0 = -2*w - 3*q + 2, -2 = -5*w + 5*q + 3. Let g(u) = 22*u**2 + 1. What is the units digit of g(w)?
3
Let b(k) = -4*k - 2. Suppose -3*w + 0*w + 48 = -4*l, 5*l - w = -49. Let r be b(l). Suppose 3*f = 2*i - 23, r + 19 = 5*i - 3*f. What is the tens digit of i?
1
Suppose -4*w + 3 = -w. What is the units digit of 7*2 - (-1)/w?
5
Let a be 4/(-4)*(-9)/(-1). What is the tens digit of (18/5)/(a/(-60))?
2
Suppose 4*c = 4*x, -x - 2*c = x - 4. Let d(g) = 1. Let l(n) = n + 3. Let q(k) = x*l(k) - 4*d(k). What is the units digit of q(2)?
1
Suppose -2*x + 16 = 2*q, 0*q + x - 13 = -2*q. Suppose 3*u - 2*u - 5*s - 41 = 0, -q*u - 2*s = -178. What is the tens digit of u?
3
Suppose -6*a = -72 + 12. What is the tens digit of a?
1
Suppose 12 = -4*m, -18 = -k - m + 17. Let r = -20 + k. What is the units digit of r?
8
Let c be -17*(3 + -6)/(-3). Suppose -2*v + 140 = 3*v. Let u = c + v. What is the tens digit of u?
1
Let v be -3*(-2 + 8/(-3)). Let g = -8 + v. What is the units digit of g?
6
Suppose k + k - 5*w = 44, -2*k = 5*w - 84. Suppose 0 = -4*l + 8, 4*a + l = -a + k. What is the units digit of a?
6
Suppose o + 3*o = 172. What is the units digit of o?
3
Let d be (8/6)/((-2)/3). Suppose 2*r + x = 6, 0*r + 2*r - 3*x + 10 = 0. Let b = r - d. What is the units digit of b?
3
Suppose 770 = 5*g - 5*h - 480, 0 = g - 3*h - 258. What is the units digit of g?
6
Suppose -y - 4 = 3*y. Let v be 10/6 - y/3. Suppose 37 = 3*d - v*m, 3*d + 0*m - 27 = -3*m. What is the tens digit of d?
1
Suppose -t = 2 - 4. Suppose -t*a - v - 1 = 0, 1 = -3*a - 4*v - 13. Suppose -4*q + a*i = -18, -q - 3*i + 8 = -7. What is the units digit of q?
6
Suppose 3*y - 2*y - 28 = 0. What is the tens digit of y?
2
Let a = -18 + 50. What is the tens digit of a?
3
Let i(q) = q - 16. Let n(d) = 1. Let v(h) = -i(h) - 5*n(h). What is the units digit of v(0)?
1
Let k = -3 - -8. Suppose -i - 5 = k*x - 14, 9 = 4*x - i. Suppose -c + 5 = x. What is the units digit of c?
3
Let c(h) = h**3 + 7*h**2 - 9*h + 2. Let o be c(-8). Let v be 1 - 2 - (-2 - o). Let l = 17 - v. What is the units digit of l?
6
Let l(r) = 69*r**3 - 2*r**2 + r. Let d be l(1). Suppose 5*q - q - d = 0. Suppose q = 4*x - 23. What is the tens digit of x?
1
What is the units digit of ((-11)/6)/((-5)/30)?
1
Let a(k) = k**2 - 4*k - 7. What is the units digit of a(6)?
5
Suppose 6*l + 35 = l. Let v = l + 15. What is the units digit of v?
8
Suppose 6*x - 4*x - 262 = 0. What is the tens digit of x?
3
Suppose 3*y - 140 - 205 = 0. What is the hundreds digit of y?
1
Suppose -i + 2*w + 437 = 2*i, -5*i = 5*w - 695. What is the hundreds digit of i?
1
Suppose -p + 2 = -4. Suppose -2*b + 32 = -p. What is the tens digit of b?
1
Suppose -d - 3*d = -80. Let v = d + -6. What is the units digit of v?
4
Suppose -3*j = 4*g, g = 3*j - 4*j - 1. Suppose -3*y + 2*r - 1 = 0, -5*y = 3*r - 9 - 2. Let w = g + y. What is the units digit of w?
4
Let s be 2*-9*2/(-4). Let j(b) = -b**3 + 9*b**2 + 2*b - 12. What is the units digit of j(s)?
6
Let g be 0 + 0 + (1 - -3). Suppose -2 = -a + g. What is the units digit of a?
6
Let d(c) = c**2 - c - 1. Let i = -14 - -10. Let x = -2 - i. What is the units digit of d(x)?
1
Suppose -v - 460 = -0*x - 5*x, 4*v + 384 = 4*x. Let z = 131 - x. Suppose -5*d = -d - z. What is the tens digit of d?
1
Let f = 0 - -4. Suppose 0 = 2*z - z + h - 8, 0 = f*h - 16. Suppose 21 = z*y - 3. What is the units digit of y?
6
Suppose -43 = 3*m + 5. Let i = m + 26. What is the tens digit of i?
1
Let d = 2 + 2. Let u = d + 2. What is the units digit of u?
6
Suppose 8*x - 3*x - 39 = 3*a, 0 = -5*a - 4*x - 65. Let v = a + 23. Suppose -l + 3*l = v. What is the units digit of l?
5
Suppose 0*r + 5*r = -3*o + 31, 5*o - 15 = -r. Suppose y - 3*h - 5 = -2*h, -h = -r*y + 9. Suppose y = 5*u - 4. What is the units digit of u?
1
Suppose -j + c + 95 - 17 = 0, 4*c + 388 = 5*j. What is the units digit of j?
6
Let t(v) = 3*v - 1. Let r be t(1). Suppose -5*b - 12 = -r*b. What is the units digit of (-5)/(-20) - 43/b?
1
Let r(p) = -p**2 + 5*p + 2. Suppose 0 = 2*c - 1 - 7. What is the units digit of r(c)?
6
Suppose -2 = 3*z - 53. Suppose -g = t - 4, 0*g = 2*g - 5*t - 15. Suppose -z + 2 = -g*m. What is the units digit of m?
3
Suppose 3*x = -2*t + 4, 4*t + 0*x = -x + 18. Suppose t*p - 4*i - 39 = 8, 0 = 4*p + 4*i - 16. What is the units digit of p?
7
What is the tens digit of 2/(-14)*-2 + 1242/14?
8
What is the tens digit of ((-8)/6)/(6/(-234))?
5
Let c = 77 - 48. Let m = c - -3. What is the units digit of m?
2
Let p(l) = -2*l**3 + 2*l**2 - l - 2. Let j be p(-1). Let m = j - -6. What is the units digit of m?
9
Let b = 0 + 20. Let v be (-2 + 4 - -1) + -1. Suppose -v*q + u + b = 0, -5*q + q + u = -44. What is the tens digit of q?
1
Let i(z) = -z - 2*z**3 - 8*z**2 - 9 + z**3 